ulate h(q).
-2
Let p(c) = c**2 - 11*c + 4. Suppose -3*d = -4*w - 32, 3*d - d + 2*w - 12 = 0. Give p(d).
-20
Let l(v) = -v**3 - 3*v**2 + 4*v + 5. Suppose -2*j = 2*o - 18, 0*j - 2*j - 14 = -2*o. Let t be -2 + 4/o*-4. Determine l(t).
5
Let o(d) be the first derivative of 1/4*d**4 + 24 - 8*d + 0*d**3 + 0*d**2. Calculate o(0).
-8
Let f(y) be the second derivative of 1/2*y**2 + 1/6*y**3 + 0 + 7/12*y**4 + 17*y. What is f(-1)?
7
Let f(o) = 9 + 9*o**2 + o**3 + 62 - 82 + 3*o. Give f(-9).
-38
Let c(u) = u**3 + 12*u**2 + 11*u - 5. Let s be c(-11). Let q(i) = i**3 + 5*i**2 + 4*i. Calculate q(s).
-20
Let t(i) be the second derivative of 5*i**3/6 + 5*i**2/2 - 115*i. Suppose 4*r = -0*r - 24. Let n(g) = -2*g - 2. Let s(v) = r*t(v) - 14*n(v). Calculate s(5).
-12
Let j(x) be the third derivative of -x**5/60 + x**4/3 - x**3/2 + 16*x**2. Determine j(5).
12
Let s(b) be the second derivative of -b**5/10 - b**4/12 + 58*b. Calculate s(1).
-3
Let x(f) = f. Let y(w) = 6*w + 3. Let c(s) = -x(s) + y(s). Calculate c(-2).
-7
Suppose 48 = 2*f - 12. Suppose 0 = -2*l + 7*l - 4*o + f, -l = -o + 6. Let h(d) = -7*d**2 - 425*d**3 - 2*d - 6 - 5*d + 424*d**3. Calculate h(l).
0
Let v(x) = x**2 - 21*x + 47. Suppose 0 = -0*m - 25*m + 475. Give v(m).
9
Let t(h) be the third derivative of h**5/60 + h**4/12 + h**2 - 12*h. Calculate t(-3).
3
Let z(p) = -5*p**3 + p**2 - 2*p + 1. Let r = -40 + 41. Let k(u) = 2*u**3 - 2*u**2 + 1. Let x be k(r). Calculate z(x).
-5
Let g(b) = b**3 - 19*b**2 + 29*b + 5. Let o be g(2). Let w(d) = -d**2 + 3*d - 1. Determine w(o).
-41
Let w(z) = -4*z + 1952 + 5*z - 1946. Give w(-7).
-1
Let v = 1 - -4. Suppose 5*i = -5*y + 35, 3*y - v = -i + 8. Let u(g) = g**2 - 2*g + 1. What is u(y)?
4
Let l(a) = 3*a**3 + 13*a**2 - 17*a**2 + 2*a + 6*a**2 - 2*a**3 - 19*a**3. Calculate l(-1).
18
Let f(x) = -6 + 3 + 4 + 15*x - 14*x. Give f(-5).
-4
Let g(x) = -x**3 - x**2 + 4*x + 3. Let b be 1/((1/6)/(11/(-33))). Give g(b).
-1
Suppose -3*a + 55 = 13. Let y be (5/(-2))/((-7)/a - -1). Let p(u) = -4*u + 4. Calculate p(y).
24
Let z(h) = h**3 + 1. Let n(b) = -6*b**3 - b**2 + b - 5. Let u(j) = n(j) + 5*z(j). Suppose 0*l = -5*l - 75. Let f be (-5)/l - (-4)/6. Determine u(f).
-1
Let t = -620 - -618. Let y(w) = 3*w + 6. Give y(t).
0
Let f = 22 + -50. Let l = 29 + f. Let v(d) = 3*d**2 + d. Determine v(l).
4
Let m(w) = 45*w**2 + 29*w**2 + 46*w**2 - 118*w**2 + 2*w + 1. Determine m(-3).
13
Let v(n) = 5*n - 14. Let t(q) = -q + 1. Let o(m) = 6*t(m) + v(m). Let i be (308/(-21)*3/24)/(21/126). Determine o(i).
3
Let d(g) be the first derivative of 7*g**2/2 + 3*g - 522. Give d(-2).
-11
Suppose 0 = 4*s - 2*v - 12, 14*s + 2*v + 8 = 16*s. Let f(j) = -2*j**2 - 1. Give f(s).
-9
Let j be (84/9)/((-62)/93). Let u(c) = -4*c - 54. Give u(j).
2
Let c(i) be the third derivative of -1/6*i**4 - 1/60*i**5 - 12*i**2 + 0*i + 0 + 5/6*i**3. Suppose 4*u + 5 = 5*v + 14, 0 = -5*v + u - 21. Give c(v).
0
Let d(k) = k**3 - k**2 + 2*k - 3. Let b be -6*(-3 + (-65)/(-10)). Let z be (-6)/b + 4/(-14). Suppose 2*c - 6*c + 8 = z. What is d(c)?
5
Suppose -4*h = h - 15. Suppose 5*x - 17 = 4*y, y - 33 = -h*y - 5*x. Suppose 2*b - y = -0. Let c(s) = -3*s**3 - 2*s**2 + 2*s - 1. Give c(b).
-4
Let f be -2 - (-8 + -1 + -1). Let z be f/6*3/2. Suppose -5*x + 2*h = -11 - z, 3*h = -5*x + 18. Let s(k) = -k**2 + 4*k - 1. What is s(x)?
2
Let c be (-70)/(-20)*(-10)/(-1). Let t be (14/c)/((-1)/(-5)). Let k(u) = -6*u**2 + t + 3*u**2 + u + u**2. What is k(2)?
-4
Let f(h) = -4*h**2 - 9*h - h**3 + 2*h**3 + 7 + 2*h. Let s be (-1)/((28/24)/(-7)). Suppose -s*q + 36 = 6. Calculate f(q).
-3
Let u be (-12)/20*10/2. Let z(v) = 4*v**3 + v**2 - 4*v - 3. Let f(q) = -q**3 + q - 1. Let a(g) = u*f(g) - z(g). Let y be (-1)/(-2)*-2 - -1. What is a(y)?
6
Let z(v) be the first derivative of 2*v**4 - 3*v**2/2 + 3*v - 17. Let n(y) = -25*y**3 + 10*y - 10. Let w(j) = -3*n(j) - 10*z(j). What is w(-1)?
5
Let i(q) = -q**3 + 16*q**2 + 17*q + 5. Let c(w) = -2*w**2 + 68*w - 361. Let r be c(7). Determine i(r).
5
Let c(z) = 13*z**2 + z**3 - 3 - 30*z**2 - 3*z + 0*z + 21*z**2. Give c(-5).
-13
Suppose 0 = 5*n - 2*n - 45. Suppose 4*g + 3*v + n = 0, -2*v = g - 0*v. Let s(x) = -x**3 - 6*x**2 - 2*x - 1. What is s(g)?
11
Let b(h) be the second derivative of h**5/20 - 11*h**4/12 - h**3/6 + 21*h**2/2 - 3*h - 3. Determine b(11).
10
Let a(l) = -2*l**2 + 11*l + 7. Let h(o) be the third derivative of -o**5/20 + o**4/2 + 4*o**3/3 - 13*o**2. Let k(d) = -5*a(d) + 4*h(d). Determine k(-5).
-18
Suppose 5*q - 12*q = -280. Suppose -q*p + 20 = -35*p. Let v(j) = -2*j**2 + 4*j - 2. What is v(p)?
-18
Let y(o) = -18*o**3 + 6*o**2 - 3*o + 7. Let b(d) be the first derivative of 3*d**4/2 - 2*d**3/3 + d**2/2 - 2*d - 5. Let w(p) = -7*b(p) - 2*y(p). Calculate w(1).
-5
Let q(s) = -11*s + 4. Let g(k) = 6*k - 2. Let v(t) = -5*g(t) - 3*q(t). Let j be 2*(-1 - (-3)/2). Let w = j + -3. What is v(w)?
-8
Let v = 92 + -87. Suppose 0 - v = d. Let w(h) = -3*h + 6. Determine w(d).
21
Suppose -3*z = 3*z - 0*z. Let j(n) = -n**3 - 12. Give j(z).
-12
Let i(o) be the second derivative of 0 - 1/12*o**4 + 0*o**3 - 1/2*o**2 - 7*o. What is i(0)?
-1
Let v be 1978/5160 - (-2)/(-15). Let s(n) be the first derivative of -5/2*n**2 + 3*n + 2 - 7/3*n**3 - v*n**4. What is s(-6)?
-3
Let s = -904 + 913. Let i(g) = -g**2 + 8*g - 3. Determine i(s).
-12
Suppose 9 = 4*v - 3. Suppose -2*s = v*h - 7, 4*s + 4*h + 3 = 11. Let f(u) = -3622*u - 7*u**3 + 3622*u. Give f(s).
7
Suppose -2*c - m = -3*c - 13, -2*m = 3*c + 19. Let d(o) be the first derivative of -o**4/4 - 3*o**3 - o**2/2 - 5*o - 15. Determine d(c).
4
Let q(f) = 5*f. Let d(p) be the third derivative of -p**5/60 - 5*p**4/24 + 2*p**3/3 + 10*p**2. Let i be d(-6). Give q(i).
-10
Let z(b) be the second derivative of -4*b - 2/3*b**3 - 1/2*b**4 - 1/20*b**5 + 0 - 2*b**2. Let s(i) = -i**3 - 6*i**2 - 5*i - 5. Let r be s(-5). Calculate z(r).
-9
Let n(x) be the second derivative of -x**5/20 - 3*x**4/4 + x**3/3 + 11*x**2/2 - 555*x. Suppose 52 = -3*l - i - 4*i, -31 = 4*l - i. Determine n(l).
-7
Let u(k) be the first derivative of -k**4/4 - 4*k**3 + 11*k**2/2 - 3*k + 188. Calculate u(-13).
23
Let t(p) be the second derivative of p**3/6 - p**2/2 - 103*p. Determine t(-2).
-3
Let x(s) be the third derivative of -s**7/2520 - s**6/120 + s**5/60 - 3*s**4/4 + 11*s**2. Let v(m) be the second derivative of x(m). Determine v(-6).
2
Let y(r) = -r**3 + 2*r**2 - r - 7. Let b(m) = m + 2. Let p(q) = 3*b(q) + y(q). Calculate p(3).
-4
Suppose -1 = -z + 2*z. Let o be 6/27 - 2/9. Let y be o*((-2)/(-4) + z). Let b(a) = -a**2 - a - 6. Determine b(y).
-6
Let q(o) be the second derivative of -o**5/20 - o**4/3 + o**3/2 - 3*o**2 + 2*o + 94. What is q(-5)?
4
Let z(w) = -4*w**3 - 5*w**2 + 7*w. Let g(p) be the second derivative of -3*p**5/20 - p**4/3 + p**3 - 31*p. Let u(l) = -6*g(l) + 5*z(l). Calculate u(-1).
2
Suppose -5*f - 4*y + 12 = 0, -4*y + 9 = -5*f + 37. Let w(a) = -a**2 + 2*a + 5. Calculate w(f).
-3
Let a(x) = 72*x**3 + 70*x**3 - 143*x**3 + 7*x + 11*x**2. Let s(h) = h**3 - 12*h**2 - 7*h + 1. Let k(y) = -7*a(y) - 6*s(y). Give k(6).
-12
Let m(l) be the third derivative of 0*l**4 - 1/12*l**5 + 0*l + 1/120*l**6 - 13*l**2 + 0 + 1/2*l**3. What is m(5)?
3
Let g(s) = s**3 - 49*s**2 - 6*s + 15*s**2 + 0*s**3 + 31*s**2 + 8*s**2 - 9. What is g(-6)?
-9
Let o(k) = -2*k**2 + k + 21. Let t(b) be the second derivative of 5*b + 11/2*b**2 + 0 + 1/6*b**3 - 1/12*b**4. Let v(x) = -6*o(x) + 11*t(x). What is v(-6)?
1
Let h = 9 + -2. Let u(o) be the third derivative of o**4/24 - 7*o**3/6 - 42*o**2 + 2*o. Determine u(h).
0
Let t = 798 + -805. Let d(j) = j**2 + 6*j + 1. Calculate d(t).
8
Let d(v) be the second derivative of v**5/20 - 7*v**4/12 + 2*v**3/3 + 5*v**2/2 - 2*v. Suppose 0 = -2*k - 5*u + 27, 5*u = k + 10*u - 21. What is d(k)?
-7
Let w(r) = -r + 2 + 3*r - r. Suppose 2*m + 14 - 4 = 0. Calculate w(m).
-3
Suppose 1 = 3*f - 2*y, 3*f + y - 19 = -6. Let m = 38 - 38. Suppose -t = r + f*t - 12, m = 5*r + 5*t. Let d(p) = p**2 + 4*p + 6. What is d(r)?
6
Suppose 2*i = 2*q - 0*i + 8, 4*i + 8 = 0. Let n(z) be the second derivative of z**3/3 - 2*z**2 - 10*z + 57. Determine n(q).
-16
Let r(l) = l**3 + 4*l**2 - 6*l - 8. Let k be r(-5). Let i(u) = 5*u. Calculate i(k).
-15
Let h(m) = m**2 - 11*m + 12. Let r be h(9). Let g = -5 + r. Let t(d) = -d**2 - 10*d + 9. Giv